Let i(h) = -40*h - 91. Calculate the remainder when 45 is divided by i(-3).
16
Suppose 2*n + 38 = g, 3*g = 2*n - n + 89. Suppose -4*j = -u + g, 0 = 2*u + 3*j - 0*j - 34. What is the remainder when 39 is divided by u?
19
Let h(i) = -i**3 - 10*i**2 - 4*i - 3. Let w be h(-7). Let v = 209 + w. What is the remainder when v is divided by 22?
21
Let g = -956 + 1292. Calculate the remainder when g is divided by 114.
108
Calculate the remainder when 278 is divided by (58 - -4)/((-30)/(-15)).
30
Suppose -h + 2*t + 4 = 0, 3*h - h - 8 = 2*t. Suppose h*a = 21 - 1. Suppose 65 = a*y + v + 4*v, -5*y = -v - 77. Calculate the remainder when y is divided by 4.
3
Let f be 426/(-4) - (-18)/(-12). Let c(a) = -a**3 + 5*a**2 + a + 2. What is the remainder when c(4) is divided by 20 - 1 - f/(-18)?
9
Suppose -120*i + 119*i = -39. What is the remainder when 233 is divided by i?
38
Suppose 18 = 5*u - 42. What is the remainder when 45 is divided by u?
9
Let a(i) = -i**3 + 7*i**2 - 7*i + 4. Let d be a(6). Suppose -2 = u, 22*w + 3*u = 27*w - 421. What is the remainder when w is divided by -2 + (d - -2) - -30?
27
Suppose 0 = 5*c + 5*f - 115, -12 = -c + 4*f + 1. Calculate the remainder when c is divided by 6.
3
Suppose -17 = 3*d - 77. Suppose 3*u + 94 = 5*k - u, -k = -2*u - d. Calculate the remainder when 52 is divided by k.
16
Let i = -26 + 55. Let p(y) = -y**2 - 5*y - 1. Let k be p(-7). Let b = k + i. What is the remainder when 52 is divided by b?
10
Suppose -116*q + 96*q + 3200 = 0. What is the remainder when q is divided by 27?
25
Let u(s) = 3*s - 11. Suppose -2*m - 12 = -4*m. Let t be u(m). Suppose t = -l + 17. What is the remainder when 38 is divided by l?
8
Suppose -3*q + 30 = 3*q. Suppose -5*v - s + 17 = 0, -2*s + q*s + 3 = 3*v. What is the remainder when 10 is divided by v?
1
Calculate the remainder when 12 is divided by ((-3)/2)/(6/(-20)).
2
Suppose u = -3*n + 26, -3*n - u - 4*u = -22. Let r be (2 - 24/9)/((-1)/(-3)). Calculate the remainder when (-1 - (-31)/(-2))*r is divided by n.
6
Let n(b) = -b**2 + 9*b + 13. Suppose -3*y - 5*h + 7 = 0, 0 = -6*h + 3*h - 12. Calculate the remainder when 51 is divided by n(y).
12
Suppose -73 = -19*z + 79. Suppose -3*c - 3 = -12. Calculate the remainder when 14 is divided by (4/c)/(z/48).
6
Let w = 90 + -56. Suppose 0*d - 5*d + 95 = 0. What is the remainder when w is divided by d?
15
Let n be (-1)/(-2) + (-213)/6. Suppose 5*i = -i + 528. Let g = n + i. What is the remainder when g is divided by 14?
11
Let y(c) = 3*c**2 + 10*c - 8. Let m be y(6). Suppose -4*x + 4*g = m, 3*g = x + 4*x + 196. Let w = 54 + x. Calculate the remainder when 28 is divided by w.
12
Let t = -463 - -488. Calculate the remainder when 124 is divided by t.
24
Suppose 324 = 4*c - 5*a, -2*c + 4*a + 192 = 9*a. What is the remainder when c is divided by 10?
6
Let l(k) = -k**2 + 56*k - 739. Let z = -1 + 4. Suppose -57 = 3*t - 8*t - 2*w, 0 = -3*t - z*w + 36. What is the remainder when l(30) is divided by t?
8
Suppose -2*f + 623 = 5*p, -8*f + 6*f - 2*p + 620 = 0. Calculate the remainder when f is divided by 80.
69
Let c(d) = -2*d - 32. Let q be c(-15). What is the remainder when 10 - (12/q)/2 is divided by 3?
1
Let z(q) = -4*q**3 + 25*q**2 - 4*q + 4. Let w be z(6). Let f(r) = -r**2 + 16*r + 20. Suppose 4*v = -v + 185. Calculate the remainder when v is divided by f(w).
17
Let m = -1 - -12. Suppose -m = -b + 30. Calculate the remainder when b is divided by ((-6)/(-4))/(2/28).
20
Suppose 0 = 13*x + 11 - 50. Calculate the remainder when 7 is divided by x.
1
Let b = -13 - -44. Calculate the remainder when b is divided by 8.
7
Let m = 986 - 373. What is the remainder when m is divided by 88?
85
Let u(y) = -y**3 - 2*y**2. Let h be u(-2). Suppose 7*w + 3*w - 540 = h. Calculate the remainder when w is divided by 4/((-18)/(-14) - 1).
12
Suppose -66 = 27*a - 32*a + 4*l, -2*a + 8 = 3*l. Calculate the remainder when 29 is divided by a.
9
Let k(f) = 17*f - 20. Let i be k(-6). Let r = -56 - i. What is the remainder when r is divided by 34?
32
Let f(d) = -d. Let k be f(-2). Let v(s) = 6 + 0*s**2 - 2*s**k + 0 + 5*s + 6*s**2 - s**3. Calculate the remainder when v(5) is divided by 2.
0
Suppose -34*v + 31*v + 18 = 0. Suppose -16*m = -19*m + v. What is the remainder when 3 is divided by m?
1
Suppose 7*w - 5*j - 21 = 4*w, -2*j = 5*w - 66. Suppose 19*i - 20*i = 3*s - 61, s - 207 = -3*i. Calculate the remainder when i is divided by w.
10
Let s be (-435)/2*(-20)/30. Suppose -s + 19 = -2*d. What is the remainder when d is divided by 6/((-13)/8 - -2)?
15
Let k be 5 + 4/(-8)*2. Suppose o + k*g - 43 = 2*g, -2*g = 10. What is the remainder when o is divided by 18?
17
Let z = 1206 + -618. Calculate the remainder when z is divided by 194.
6
Suppose -135 + 212 = 7*v. What is the remainder when 37 is divided by v?
4
Let g be (-27)/(-18)*32/6. Let s = 8 - g. Suppose -4*q - 4*m + 20 = s, 2*m - 4*m - 6 = 0. What is the remainder when 15 is divided by q?
7
Let v = -55 - -113. What is the remainder when v is divided by (-6 - 12)*(-4)/6?
10
Calculate the remainder when 185 is divided by (39 - 37)*(-63)/(-2).
59
Let x = -118 - -121. Let y(a) = 10*a - 3. What is the remainder when 79 is divided by y(x)?
25
Suppose 7*l - 261 = 61. Calculate the remainder when 177 is divided by l.
39
Let a = 153 + -262. Let n = 191 + a. Calculate the remainder when n is divided by 28.
26
Let v(q) = 235*q - 419. What is the remainder when 1069 is divided by v(2)?
49
Calculate the remainder when 375 is divided by 97 + 15/(75/(-10)).
90
Suppose -4*k + 70 = 190. Calculate the remainder when 14 is divided by (-36)/27*k/4.
4
Suppose 20 = r + 3*u, -2*u - 20 = 11*r - 12*r. What is the remainder when r is divided by 13?
7
Suppose 3*r - 3 = 5*y, 0 = 5*y - 6*y - 3*r - 15. Suppose 2*t + 0*t - 154 = 0. Calculate the remainder when t is divided by ((-10)/y)/(15/90).
17
Let x = -183 + 186. What is the remainder when 49 is divided by x?
1
Let r(s) = s**3 + s**2 - s + 1. Let o(c) = -4*c**2 + 5*c - 5. Let z(p) = o(p) + r(p). What is the remainder when z(3) is divided by (-3)/(1*-3) - -2?
2
What is the remainder when (-1 - 42/(-30))/(1/95) is divided by 2?
0
Calculate the remainder when (-6)/9 + (3147/9 - -2) is divided by 11.
10
Let f(h) = 393*h + 7092. Let n = 18 - 29. Let r = 18 + n. What is the remainder when f(-18) is divided by r?
4
Let d be (-88)/(-33)*(-15)/2. Let b = d + 45. Calculate the remainder when 97 is divided by b.
22
Let d(t) = 70*t + 3 - 71*t - 1. What is the remainder when 44 is divided by d(-13)?
14
Let c(s) = 9*s + 5. Let m(h) = h**2 + 1. Let d(q) = -c(q) + 6*m(q). What is the remainder when d(-4) is divided by 45?
43
Calculate the remainder when 37 is divided by (-40)/460 + 970/46.
16
Let s(g) = -g**2 + 14*g - 14. Suppose 0 = -8*v + 189 + 371. What is the remainder when v is divided by s(11)?
13
Suppose -45*j + 3069 = -12*j. Calculate the remainder when 178 is divided by j.
85
Let g = -113 + 177. What is the remainder when g is divided by 15?
4
Let z(m) = m**2 + 32*m - 182. Suppose -11 - 13 = -4*n. Calculate the remainder when n is divided by z(5).
0
Let a be 150/54 - 4/(-18). Let p = 146 + -102. What is the remainder when p is divided by -2 + -1 + 45/a?
8
Suppose -39*w + 1856 + 3838 = 0. What is the remainder when w is divided by 13?
3
Let f = 3 - -2. Suppose f*y + 2*t = -0*y + 65, y + t = 16. What is the remainder when y is divided by 3?
2
Suppose 0 = x - 3*r - 14, -x + 0*r + 21 = 4*r. Let b = x - 10. What is the remainder when b is divided by (-18)/(-8) - (-2 - 70/(-56))?
1
Suppose 2*u = -3*u - 5*o - 4085, 2*o + 4100 = -5*u. Calculate the remainder when 0 + -4 + u/(-6) is divided by 34.
31
Let h = -69 - -165. Calculate the remainder when h is divided by 33.
30
Let n = -5 - -10. Suppose 0 = n*f - 3*v - 30, -2*v = -4*f - 3*v + 7. Suppose -2 = j, 2*p - f*p = -5*j - 14. What is the remainder when 15 is divided by p?
3
Let f(l) = 2*l + 5. What is the remainder when 202 is divided by f(6)?
15
Let y = -17 + 106. Suppose 0*p - y = -3*p + 2*k, 54 = 2*p + 4*k. Calculate the remainder when p is divided by 13.
3
Suppose -2*z + 140 = -194. Let r(f) = -f**3 + 24*f**2 + 22*f - 500. Calculate the remainder when z is divided by r(24).
27
Let k(h) be the first derivative of -h**3/3 - 19*h**2/2 - 23*h - 12. What is the remainder when k